 c = -557 + 1597. What is the hundreds digit of c?
0
Let d be (3/6)/((-5)/10). Let o be (-2)/d + 11 + 7. Suppose -y + 3*y = o. What is the units digit of y?
0
Let i(x) = -5*x**2 - 20*x + 18. Let z(v) = v**2 + v. Suppose 5*j = 2*g + 7, -j + 6*g = g - 6. Let q(d) = j*i(d) + 6*z(d). What is the units digit of q(13)?
5
Suppose -4*n + 367 = 5*h, n + 2*h + 82 = 2*n. What is the units digit of n?
8
Let h = 84 - 60. Suppose -2*r = -8*r - h. Let d(g) = -2*g**3 - 5*g**2 + g - 4. What is the units digit of d(r)?
0
What is the hundreds digit of (97/(-194))/(2/(-16684))?
1
Suppose x = 4*h - 1, 4*h = -3*x + 7 + 6. Suppose 140 = 4*n - 644. Suppose -x*j = j - n. What is the tens digit of j?
4
Let d(h) = -165*h + 54. What is the hundreds digit of d(-17)?
8
Let g = -12 - -15. Suppose 2*n = 2*r - 22, g*n + 0 + 48 = 4*r. Let o = -3 + r. What is the tens digit of o?
1
Suppose -m + 2*j - 7 = 0, -3*m - 4 - 15 = -5*j. What is the tens digit of (-2 + (-122)/6)*m?
6
What is the units digit of 2 + 13*(-378)/(-7)?
4
Let o(m) be the first derivative of -11*m**2 - 2*m + 16. What is the units digit of o(-2)?
2
Let s be (-4)/(-22) - (-987)/77. Let p = 92 - s. What is the units digit of p?
9
Suppose -45*k = -6620 - 9130. What is the units digit of k?
0
Suppose 3*l = 2*r - 20, 2*l - l + 16 = 3*r. What is the tens digit of -2*(l + (-404)/8)?
0
Let p be (-16280)/50 - 6/(-10). What is the units digit of p/(-20) - (-3)/(-12)?
6
Let w be 27/(-6)*(-4)/(-3). What is the units digit of (-4020)/(-75) + w/10?
3
Let q be -24*(1/6)/(3/(-9)). What is the units digit of (2 - -1) + 4/(q/93)?
4
Suppose 0 = -2*o - 0 + 10. Suppose w - 522 = -o*f, 4*f - 418 = -4*w + 3*w. What is the hundreds digit of f?
1
Let a = 6 - 3. Suppose a*o = -0*o + 9. Suppose g = -o*g + 84. What is the tens digit of g?
2
Let n be (12 + 2)*(-63)/18. Let t = 97 + n. Let i = -19 + t. What is the units digit of i?
9
Suppose 2*s + 3*z = 52, 3*z = -4*s + 1 + 91. Suppose -3*t + 5*n - s = 2*t, n + 14 = -2*t. What is the units digit of 14 - t*1/2?
7
Let t be 4/(-18) + (-80)/(-36). Suppose 3*g - 23 = -4*c, 4*c - t*g + 17 = 3*g. Let q(a) = 5*a**3 - 2*a**2 - 1. What is the tens digit of q(c)?
3
Suppose -6*t + 40 = -50. What is the units digit of ((-6)/t)/(2/(-510)) + 3?
5
Let j be ((-2)/(-4))/(((-5)/(-18))/5). Let z(s) = s**3 - 10*s**2 + 12*s - 10. What is the tens digit of z(j)?
1
What is the units digit of (2 + -3)*(-3145 + 50)?
5
Let z be (-350)/(-11) - 2/(-11). Suppose z = w - 29. What is the units digit of w?
1
Suppose -163 - 279 = -2*y + m, -235 = -y + 4*m. Let a = -151 + y. What is the units digit of a?
8
Suppose 3*v + 4*w = 2075 + 26, -v = -w - 712. Suppose -9*t = -1624 - v. What is the units digit of t?
9
Let m = 12 + -8. Suppose 0*h - 2*h + 86 = -m*s, s + 179 = 4*h. What is the units digit of h/(-4)*64/(-24)?
0
Suppose 40*p - 41*p = 9. What is the units digit of 11/3 + (-3)/p - 3?
1
What is the hundreds digit of 390*-2*1/(-5)?
1
Let o(m) = 22*m**3 + 6*m**2 - 9*m + 16. What is the tens digit of o(4)?
8
Let r(m) be the first derivative of -12*m - 8*m**2 + 2 - 1 + 1 + 8. What is the tens digit of r(-4)?
5
Let q(a) = -a**3 + 20*a**2 + 5*a + 42. What is the units digit of q(18)?
0
Suppose -7 = 3*c + 2. Let h = 7 + c. Suppose -h*r + 0*r + 108 = 0. What is the tens digit of r?
2
Let m(r) = -r**3 - 3*r**2 + 2*r. Let v be m(-4). Let h be (v/(-6))/(10/(-15)). Suppose 36 = x + h*x. What is the units digit of x?
2
Let b = -34 - -37. Suppose b*t + 920 = 13*t. What is the units digit of t?
2
Let r = -126 + 128. What is the tens digit of 3/r + 7375/50?
4
Let t be 3/(-1 - (-1227)/1218). Suppose -u - t = -5*u + 2*d, u + 4*d = 97. What is the tens digit of u?
0
Let n(q) = -q**3 - 11*q**2 + 10*q + 5. Let r be n(-12). Let o = r + 10. What is the tens digit of o?
3
Let i(b) = 2*b**3 + 5*b**2 - 53*b + 1. What is the hundreds digit of i(9)?
3
Let d(u) = 27*u - 8*u + 2*u + 45*u - 3. Let q be d(2). Suppose -w - w = -x - 85, 3*w - q = x. What is the units digit of w?
4
Let h(b) be the second derivative of b**4/24 + 8*b**3/3 - b**2 - 2*b. Let r(c) be the first derivative of h(c). What is the tens digit of r(12)?
2
What is the units digit of ((-440)/(-11) - -10)/((-2)/(-28))?
0
Let z(n) = n**2 - 4*n - 3. Let t be z(-3). Suppose -i + 4*r = 4, 3*r = -5*i + 31 + t. Let h(d) = -d**2 + 10*d - 4. What is the tens digit of h(i)?
1
Suppose 0 = 2*u - 2*g - 2752, 4*u + 5*g = 7*u - 4128. What is the thousands digit of u?
1
Let n(p) = -2 + p**2 + 9*p - 3 - 3 - 7. What is the tens digit of n(-20)?
0
Let h(y) = -3*y - 6. Let u = -49 - -36. What is the units digit of h(u)?
3
Let d(q) = 5*q - 2. Let f be d(3). Suppose 0 = -2*u + 4*n + 28, 12 = -5*n - f. What is the tens digit of (u - 0 - 0) + 44?
4
Let t = 448 + 48. What is the hundreds digit of t?
4
Suppose 13*w + 12*w = 1200. What is the units digit of w?
8
Let x(m) = m + 7. Let n be x(-4). Suppose v - 4 = n*v. What is the tens digit of 110/4 - (-3)/v?
2
Suppose -6*d + 606 = 222. What is the units digit of d?
4
Let h be (10/(-15))/((-2)/6). Suppose 3*q - 6 = 3*f, h*f + 7 = -3*q + 23. What is the tens digit of (-5864)/(-120) + q/30?
4
Let c = -1771 - -3458. What is the hundreds digit of c?
6
Suppose -2*h + 0*h = -8. Suppose 0*p + 5*u = -h*p + 159, 57 = 2*p - 5*u. What is the units digit of (p/21)/(8/28)?
6
Let i(h) = 2*h**3 + 7*h**2 + 2*h - 1. What is the tens digit of i(6)?
9
Let y(n) = 42*n + 3. Let r = -33 + 34. What is the tens digit of y(r)?
4
Let a(h) = -4*h**3 + 2*h**2 + 2*h + 5. Let f(i) = -5*i**3 + 3*i**2 + 2*i + 5. Let n = 7 + -10. Let y(x) = n*f(x) + 4*a(x). What is the units digit of y(-4)?
5
Suppose u = h + 3*u - 366, 737 = 2*h + 5*u. What is the tens digit of h?
5
Let o be (-6)/((-4 - -9) + -3). Let c(r) = -r - 2. What is the units digit of c(o)?
1
Suppose -2*g + 346 + 178 = 0. Let s = g + -162. Suppose 0*t + 5*t - s = 0. What is the tens digit of t?
2
Let d(t) = 3*t**3 - 5*t**2 + 4*t - 2. Let s be d(4). Let g = -169 - -104. Let u = g + s. What is the tens digit of u?
6
Suppose 5*g + 3*b = 18306, -28*g + 3678 = -27*g - 5*b. What is the tens digit of g?
6
Suppose -3*y = -9, 5*o + 6*y - y - 1095 = 0. What is the units digit of o?
6
Let t(k) = -k**2 + k. Let f(n) = -21. Let l(s) = -f(s) - t(s). What is the units digit of l(0)?
1
Suppose -7421 + 14557 = 8*l. What is the units digit of l?
2
Suppose 1407*i - 6144 = 1391*i. What is the units digit of i?
4
What is the hundreds digit of (136/5)/(-9*(-12)/1080)?
2
Suppose -10*q + 21*q = 9108. What is the tens digit of q?
2
Let i(k) = 9*k**2 + k + 1. Suppose -20 = -5*u - 5*g, -2*u + 2*g + 7 = -9. Suppose -2 = 5*y - 2*t, -7*y - 4*t - 18 = -u*y. What is the tens digit of i(y)?
3
Let t(h) = h**3 - 11*h**2 - 8*h - 15. Let y(u) = -16*u**3 + u + 4*u + 12 - 4*u**2 + 15*u**3. Let v be y(-5). What is the units digit of t(v)?
3
Suppose -19*b = -k - 16*b + 174, -5*k + 894 = -3*b. What is the units digit of k?
0
What is the tens digit of -4 + 359/3*(3 + 0)?
5
Suppose -4*t = -5*p + 11053, -27*t + 25*t + 2205 = p. What is the thousands digit of p?
2
Suppose 1 = -4*m + 5. Let d be (-8)/(m + 3)*-1. Suppose -i = p + 3*i - 24, d*i + 6 = 0. What is the tens digit of p?
3
Let h be 15338/(-10) - (0 + 6/30). What is the units digit of h/(-39)*3/2?
9
Suppose -60*o + 11576 + 18844 = 0. What is the hundreds digit of o?
5
Let m(o) = 239*o**2 + 4*o - 11. What is the tens digit of m(2)?
5
Let w(x) = x + 19. Let q be w(14). Suppose s = -l - 2*s - q, 87 = -3*l + 3*s. What is the tens digit of 30/(-9)*l/4?
2
Suppose 4*g = -4*i + 32, 5*g - 2*i + 6*i = 35. Let c(y) be the first derivative of 7*y**2 + 10*y - 3. What is the tens digit of c(g)?
5
Let c = 1474 - 290. What is the thousands digit of c?
1
Suppose -3*q - 2*z + 12 = -q, z - 4 = 0. Suppose 114 = a + q*w, 3*a - 5*w - 175 - 178 = 0. Suppose 18*h - 14*h = a. What is the tens digit of h?
2
Let w(t) = 16*t**2 + 6*t + 7. Let y = 9 + -11. What is the tens digit of w(y)?
5
Let p(n) = -n - 1. Let i be (-2 + 5/2)*-8. Let y be p(i). Suppose -24 = -5*v + y*v. What is the tens digit of v?
1
Let b(z) = 97*z**3 + 6*z**2 - 7*z. What is the units digit of b(2)?
6
Suppose 0 = 2*n - 2*a - 6, 4*n - 6*a - 13 = -a. Suppose -u + q = -5*u + 234, 2*u + n*q - 114 = 0. What is the tens digit of u?
5
Let v = -1597 + 1654. What is the tens digit of v?
5
What i